10. Suppose -334 = -9*o + 26. Suppose -5*a = -2*g + g - o, -5*a - 2*g = -40. Calculate s(a).
-6
Let t(v) be the first derivative of -v**5/20 - v**4/2 + 5*v**3/3 + 3*v**2 + 13*v + 11. Let p(j) be the first derivative of t(j). Calculate p(-7).
-15
Suppose v - j = 24, -2*v + 3*v = -3*j + 16. Let z = v + -17. Let r(n) = -10*n**2 - n**3 + 0*n**3 + 4*n + z*n**2 - 3. Calculate r(-6).
9
Let w(z) = z**3 - z**2. Let y(o) = 5*o**3 - 14*o**2 - 5*o + 10. Let s(b) = 6*w(b) - y(b). Give s(-7).
4
Let r(n) = -39 + 2*n - 20 + 2*n**2 + 79. Let t(v) = -v**2 - v - 10. Let w(u) = -3*r(u) - 5*t(u). Determine w(0).
-10
Let s(a) = a**3 - 2*a**2 + a + 1. Let n(x) = 5*x**3 - 18*x**2 + 15*x + 11. Let k(v) = -n(v) + 6*s(v). Calculate k(-7).
9
Let q = -1119/2 + 561. Let h(i) be the second derivative of 0 - 8*i + q*i**2 - 4/3*i**3 - 1/12*i**4. Determine h(-8).
3
Let v(a) = -20*a**2 + 21*a**2 - 3 - 8*a + 13 + 5. Determine v(7).
8
Let a(t) = 9*t**2 + 29*t - 66. Let k(q) = -4*q**2 - 14*q + 27. Let n(d) = 3*a(d) + 7*k(d). Give n(-10).
1
Let h(t) be the third derivative of -t**6/120 + t**5/15 + t**4/12 - t**3/2 - 4*t**2 + 11. Calculate h(2).
9
Let m = 57 + -50. Let r(c) = 3*c + 3*c - m*c. What is r(-2)?
2
Suppose -2*a = 2, 19*a + 29 = 5*r + 15*a. Let z(h) = 2*h**2 - 5*h + 11. Calculate z(r).
36
Let v(z) = z**2 + 4*z - 4. Suppose -121 = -5*q - 31. Let s = -23 + q. Calculate v(s).
1
Let d(y) be the third derivative of -y**6/120 + y**5/30 + y**4/12 + y**3/6 + 4*y**2. Let a(u) = -20*u + 123. Let c be a(6). Calculate d(c).
-2
Let l be 2/8 + 21/12. Let u(r) = r**3 + 2*r**3 + l + 3*r - 4*r**2 - 2*r**3. Suppose -27*y + 63*y - 108 = 0. What is u(y)?
2
Let m(n) = n**2 - 2*n + 4. Let u(p) be the second derivative of p**4/12 + 5*p**3/6 - 9*p**2/2 - 5*p. Let x be u(-8). Let l = -12 + x. Calculate m(l).
7
Let m be ((-4)/(16/4))/((-4)/20). Let k be m*-3*(-3)/(-9). Let y(o) = o. What is y(k)?
-5
Let s(z) be the second derivative of -z**4/12 - 5*z**3/6 - z**2 + 4*z. Let k(a) = -4*a - 1. Let c be k(1). What is s(c)?
-2
Let m(o) = -10 + 0*o - 500*o**2 + 4*o + 499*o**2. Give m(4).
-10
Suppose 8*s - 4*u + 18 = 5*s, -3*u + 17 = -4*s. Let r(p) = -p**3 + 3*p + 1. Give r(s).
3
Let l be (-1 - 0)*(28 - -1). Let k = -36 - l. Let p(n) = -n**3 - 7*n**2 - 4*n - 6. Determine p(k).
22
Let s(t) be the third derivative of -t**6/120 - t**5/60 + t**4/24 + t**3/6 - 2*t**2. Let i(m) = -m + 16. Let q be i(11). Let a = q + -5. What is s(a)?
1
Let h(p) = -6 + p**2 + 5 + 1 - 1 + 8*p + 5. Determine h(-9).
13
Let i(s) = -8*s**3 + 7*s**2 - 12*s - 6. Let f(l) = 13*l**3 - 15*l**2 + 23*l + 11. Let z(n) = 3*f(n) + 5*i(n). Calculate z(-11).
25
Let k(o) be the first derivative of 6*o - 3/2*o**2 - 17. Give k(6).
-12
Suppose 14 = 3*b - 1. Suppose 0 = 2*p - b*p. Suppose p = -3*t - 7 - 5. Let r(g) = -g**3 - 5*g**2 - 6*g - 1. What is r(t)?
7
Let p(k) = -4*k**2 + k + 2. Suppose -2079*r = -2090*r - 11. Calculate p(r).
-3
Let d(h) = h**2 - 2*h - 4. Suppose -3*l - 11 = -2. Let r be d(l). Let w(a) = -a + 0*a + r + 0*a. What is w(5)?
6
Let i(x) = -3*x**2 - 2*x - 30. Let w(t) = -10*t**2 - 2*t - 91. Let q(z) = -7*i(z) + 2*w(z). What is q(-8)?
12
Let w(b) = b**3 + 6*b**2 + 6*b - 6. Suppose -a = -u - 2 - 0, -25 = -2*a - 5*u. Suppose -m = 4*x + a, -m - 3*m - 4*x - 20 = 0. Give w(m).
-11
Let r = 91 - 72. Suppose 6*y - 5*y - 23 = -5*u, u = -2*y + r. Let k(j) = -j**2 + 9*j - 11. Give k(y).
-3
Let y be 4/10 + (-8)/(-5). Suppose 0*w = 4*l - w - 9, -2*l + y*w + 6 = 0. Let b(x) = -x. Let m(u) = 6*u. Let t(k) = 27*b(k) + 4*m(k). Calculate t(l).
-6
Suppose -68*v = -66*v - 4. Let i(b) = -b**3 + b**2 - 3. Calculate i(v).
-7
Let h(b) = -b**3 - b**2 + 4*b - 3. Let q(j) = j + 19. Suppose 3*g = 4*t - 49, -g - 2*t + 17 = -2*g. Let v be q(g). Suppose -v = -3*y + 2. Determine h(y).
-7
Let o(j) be the third derivative of -j**4/12 + j**3 + 5*j**2 - 28. Calculate o(-11).
28
Let l(g) = 3*g + 7. Let m(u) be the second derivative of 2*u**3/3 + 3*u**2 - u. Let o be 2/5 - ((-112)/20 + 2). Let n(y) = o*m(y) - 5*l(y). What is n(0)?
-11
Let o(a) = -17*a - 82. Let x be o(-5). Let g(v) = 2*v - 2. What is g(x)?
4
Let p = -41 + 46. Let g(y) = y**3 + 0*y - 4*y**2 + 0*y**2 - 2 - 5*y. What is g(p)?
-2
Suppose 2*l = 3*l - 11. Let q = 7 - l. Let p(b) = -b + 87 - 46 - 3*b - 42. Calculate p(q).
15
Let w = -2394 - -2402. Let c(s) = 6*s - 47. Calculate c(w).
1
Let s(n) = -n**3 - n**2 + n + 14. Let t = -452 - -452. Determine s(t).
14
Suppose 184 = -a - 2*g + 191, 3*a = 3*g + 21. Let i(c) = c - 5 - c + c. Determine i(a).
2
Suppose 0 = -5*l - 20, 4*q + l + 32 = 2*l. Let j(v) = -v - 10. Calculate j(q).
-1
Let h(a) = a**3 - 4*a**2 - 3*a + 6. Suppose -3*c - 4*b = -30, -3*b - 2*b - 50 = -5*c. Let u be (3/6 + -2)/((-3)/c). Give h(u).
16
Let w(h) = h**2 - 4*h + 5. Let l be (21/(-14))/(6/(-8)). Suppose 10 = -0*n + l*n. What is w(n)?
10
Suppose -84 + 21 = 21*h. Let x(y) = 10*y + 2. Calculate x(h).
-28
Let s(c) = -2*c**3 - c**2 - c + 1. Let l(i) = -i**2 - 13*i - 1. Suppose k - 6 = -19. Let x be l(k). Let f be -4 + 4 + x - 1. Calculate s(f).
15
Let m(b) = 5*b - 2. Let n(u) = -4*u + 1. Let q(p) = -5*m(p) - 7*n(p). Determine q(5).
18
Let x(z) = -3*z**2 + 4*z. Suppose 3*u - 20 = -0*y - 2*y, -2*u + 16 = 2*y. Give x(u).
-32
Let q(f) = f**2 + f - 1. Let y(t) = 4*t**2 - t - 3. Suppose -5*a + 12*a = 21. Let r(u) = a*q(u) - y(u). Give r(4).
0
Suppose -5*v - 4 - 2 = 4*m, -14 = -4*m + 5*v. Let b(d) = 2*d - 1 - 2 - d - m. Suppose 1 = -3*a + 19. Determine b(a).
2
Suppose -123*m + 118*m - h = -19, 5*m - 5*h + 5 = 0. Let z(k) = 15*k. Give z(m).
45
Let p(b) = 2*b. Suppose 3*j + 37 - 34 = 0. Let u(t) = -5 + 1 + 3. Let z(c) = j*p(c) - 4*u(c). Calculate z(5).
-6
Let p = -12 + -6. Let y = 19 + p. Let r be 3*(y + (-28)/12). Let f(b) = -b**3 - 4*b**2 + b + 4. What is f(r)?
0
Suppose 2 - 8 = -3*y. Let z(x) = y*x + 2*x - 6*x - x + 4. Suppose -4*c + 25 = 1. Determine z(c).
-14
Let p(s) be the second derivative of s**3/6 + s**2/2 - 6*s. Let f(d) = -11*d - 6. Let k(l) = f(l) + 5*p(l). What is k(1)?
-7
Suppose 11*k - 1 - 65 = 0. Let u(j) = j**3 - 8*j**2 + 7*j + 6. Determine u(k).
-24
Suppose 5 = -2*w - 3. Let h(r) be the first derivative of -5*r**3/3 - 3*r**2/2 - 10*r - 5. Let k(u) = -u**2 + u - 1. Let s(t) = h(t) - 4*k(t). Determine s(w).
6
Let v(o) be the second derivative of o**5/20 - o**4/2 - 5*o**3/6 - 5*o**2 + 134*o. Let f be 28/8*(3 - 1). Calculate v(f).
4
Let c be (1 + -2)*(-2 + -3). Let t(d) = -6*d**2 + d**3 - 19 - 11*d + 23 + 12*d. Determine t(c).
-16
Let m be 1/(-4)*(-6 + -14). Suppose 0 = m*j - 0*j - 170. Suppose 6*u = u - 2*x - j, 0 = x + 2. Let o(t) = -t**3 - 6*t**2 + t - 6. Give o(u).
-12
Let i(t) be the first derivative of -7*t**4/4 + t**2 - t + 112. Calculate i(1).
-6
Let d(b) = -3*b. Suppose i + 7*c - 2*c + 11 = 0, -3*c - 13 = -i. Let k be (4 - (i + -2))*-2. Let u = 2 + k. Determine d(u).
6
Let a(p) = -p**2 + 3*p + 2. Let f(h) = h**3 + 8*h**2 - 12*h - 11. Let y(u) = -4*a(u) - f(u). Let q = 1 + -4. Calculate y(q).
-6
Let q(y) = -4*y - 2. Suppose c - 30 = -4*z - 6, 3*z - 3*c = 3. Suppose 0 = -5*i + z, -2*p + 0 = -i - 3. Suppose p*v + 2 = v. Calculate q(v).
6
Let k(j) be the second derivative of -j**6/120 + 7*j**5/60 + j**3/3 - 9*j**2 + 9*j. Let n(y) be the first derivative of k(y). What is n(7)?
2
Let f(v) = -v + 1. Let d be 30/(-20)*(-2 - -1 - -3). Give f(d).
4
Let s(q) = 3*q**2 - 7*q - 6. Let x(p) = -6*p**2 + 15*p + 13. Let l = -13 - 0. Let u(o) = l*s(o) - 6*x(o). Let h = -17 + 16. Determine u(h).
-4
Suppose -2*f + 3*r = 36, -4*f - 72 = -0*f + r. Let o = f + 20. Let m be o*(12/8 - 3). Let u(x) = -x**2 + 1. What is u(m)?
-8
Suppose -d = -1 - 1. Let t be -15*((-2)/9)/((-2)/(-3)). Let g(o) = -4*o - o**3 - 4*o**d - t + 4 - 1. Give g(-2).
-2
Let g(z) = 3*z**2 + 8*z + 51. Let k(h) = -8*h**2 - 15*h - 103. Let a(v) = 5*g(v) + 2*k(v). What is a(14)?
-7
Let t(z) = 7*z**2 + 4*z + 2*z + z**3 + 3*z + 6. Suppose 7*h - 7326 = -7368. What is t(h)?
-12
Let u(i) = -2397 + 0*i + 2388 - 2*i. Determine u(-7).
5
Let c(h) be the second derivative of -h**4/12 - 4*h**3/3 - 9*h**2/2 + 6*h. Let r(z) = z**2 - 8*z + 5. Let w be r(6). Determine c(w).
-2
Let p = -113 + 113. Let t be (2 - (0 + 3))*-6. Let v = t + p. Let c(k) = -k**3 + 6*k**2 - 2*k + 6. What is c(v)?
-6
Let c(w) = -w + 3. Suppose -2*k - k = -126. Suppose 0 = -3*z - 4*z 